{"id":23,"date":"2019-04-11T13:31:57","date_gmt":"2019-04-11T11:31:57","guid":{"rendered":"http:\/\/www3.ubu.es\/iicups\/?page_id=23"},"modified":"2024-02-27T06:52:45","modified_gmt":"2024-02-27T05:52:45","slug":"inicio","status":"publish","type":"page","link":"https:\/\/www3.ubu.es\/iicups\/","title":{"rendered":"Inicio"},"content":{"rendered":"\t\t<div data-elementor-type=\"wp-post\" data-elementor-id=\"23\" class=\"elementor elementor-23\">\n\t\t\t\t\t\t<section class=\"elementor-section elementor-top-section elementor-element elementor-element-3d96d5f elementor-section-full_width elementor-section-height-default elementor-section-height-default\" data-id=\"3d96d5f\" data-element_type=\"section\" data-e-type=\"section\" data-settings=\"{&quot;background_background&quot;:&quot;classic&quot;}\">\n\t\t\t\t\t\t<div class=\"elementor-container elementor-column-gap-default\">\n\t\t\t\t\t<div class=\"elementor-column elementor-col-100 elementor-top-column elementor-element elementor-element-4472d29\" data-id=\"4472d29\" data-element_type=\"column\" data-e-type=\"column\">\n\t\t\t<div class=\"elementor-widget-wrap elementor-element-populated\">\n\t\t\t\t\t\t\t<\/div>\n\t\t<\/div>\n\t\t\t\t\t<\/div>\n\t\t<\/section>\n\t\t\t\t<section class=\"elementor-section elementor-top-section elementor-element elementor-element-50cda0d elementor-section-boxed elementor-section-height-default elementor-section-height-default\" data-id=\"50cda0d\" data-element_type=\"section\" data-e-type=\"section\" data-settings=\"{&quot;background_background&quot;:&quot;classic&quot;}\">\n\t\t\t\t\t\t\t<div class=\"elementor-background-overlay\"><\/div>\n\t\t\t\t\t\t\t<div class=\"elementor-container elementor-column-gap-default\">\n\t\t\t\t\t<div class=\"elementor-column elementor-col-100 elementor-top-column elementor-element elementor-element-420d257a\" data-id=\"420d257a\" data-element_type=\"column\" data-e-type=\"column\">\n\t\t\t<div class=\"elementor-widget-wrap elementor-element-populated\">\n\t\t\t\t\t\t<div class=\"elementor-element elementor-element-7b531d4 elementor-widget elementor-widget-text-editor\" data-id=\"7b531d4\" data-element_type=\"widget\" data-e-type=\"widget\" data-widget_type=\"text-editor.default\">\n\t\t\t\t<div class=\"elementor-widget-container\">\n\t\t\t\t\t\t\t\t\t<p style=\"text-align: center; font-size: 28px; color: #000; font-weight: bold; margin-bottom: 12px;\">II Congreso de Universidades Promotoras de la Salud<\/p><p style=\"text-align: center; font-size: 24px; color: #000; font-weight: bold;\">Universidad de Burgos, Burgos (Espa\u00f1a), 2, 3 y 4 de noviembre de 2022<\/p><p><em><strong>Para un mundo sostenible, comprom\u00e9tete con tu salud<\/strong><\/em><\/p><p>En su firme apuesta por la promoci\u00f3n de los h\u00e1bitos de vida saludables y del bienestar integral como objetivos compartidos por nuestra Comunidad Universitaria, la Universidad de Burgos, miembro de la Red Espa\u00f1ola de Universidades Promotoras de la Salud (REUPS), tiene el placer de liderar y acoger el II Congreso de Universidades Promotoras de Salud. Sostenibilidad, responsabilidad y compromiso con la salud, que tendr\u00e1 lugar del mi\u00e9rcoles 2 al viernes 4 de noviembre de 2022 en Burgos, Espa\u00f1a.<\/p><p>De acuerdo con ODS 3. Salud y Bienestar de la Agenda 2030, garantizar una vida sana y promover el bienestar para todos y todas, con independencia de la edad, ha de constituir uno de los ejes de acci\u00f3n de las instituciones universitarias. En este sentido, desde el Vicerrectorado de Responsabilidad Social, Cultura y Deporte y, en particular, desde su Aula Campus Saludable, os animo a participar en este referencial encuentro cient\u00edfico y de transferencia que, estoy seguro, contribuir\u00e1, de forma espec\u00edfica, a alcanzar esta meta.<\/p><p>Recibid mi m\u00e1s c\u00e1lida bienvenida,<\/p><p><b>Delf\u00edn Ortega S\u00e1nchez<br \/><\/b><span style=\"font-style: inherit; font-weight: inherit; color: var( --e-global-color-text ); font-family: var( --e-global-typography-text-font-family ), Sans-serif; background-color: var(--ast-global-color-5);\">Vicerrector de Responsabilidad Social, Cultura y Deporte<br \/><\/span><span style=\"font-style: inherit; font-weight: inherit; color: var( --e-global-color-text ); font-family: var( --e-global-typography-text-font-family ), Sans-serif; background-color: var(--ast-global-color-5);\">Universidad de Burgos.<\/span><\/p>\t\t\t\t\t\t\t\t<\/div>\n\t\t\t\t<\/div>\n\t\t\t\t\t<\/div>\n\t\t<\/div>\n\t\t\t\t\t<\/div>\n\t\t<\/section>\n\t\t\t\t<section class=\"elementor-section elementor-top-section elementor-element elementor-element-bae55dd elementor-section-boxed elementor-section-height-default elementor-section-height-default\" data-id=\"bae55dd\" data-element_type=\"section\" data-e-type=\"section\">\n\t\t\t\t\t\t<div class=\"elementor-container elementor-column-gap-default\">\n\t\t\t\t\t<div class=\"elementor-column elementor-col-100 elementor-top-column elementor-element elementor-element-0918f6e\" data-id=\"0918f6e\" data-element_type=\"column\" data-e-type=\"column\">\n\t\t\t<div class=\"elementor-widget-wrap elementor-element-populated\">\n\t\t\t\t\t\t<div class=\"elementor-element elementor-element-3e9b15a elementor-widget elementor-widget-text-editor\" data-id=\"3e9b15a\" data-element_type=\"widget\" data-e-type=\"widget\" data-widget_type=\"text-editor.default\">\n\t\t\t\t<div class=\"elementor-widget-container\">\n\t\t\t\t\t\t\t\t\t<h3>Organizan<\/h3><p><img decoding=\"async\" class=\"size-full wp-image-71 alignleft\" src=\"https:\/\/www3.ubu.es\/iicups\/wp-content\/uploads\/2019\/04\/escudo_UBU.png\" alt=\"Escudo de la Universidad de Burgos\" width=\"270\" height=\"131\" \/> <img decoding=\"async\" class=\"alignnone wp-image-248\" src=\"https:\/\/www3.ubu.es\/iicups\/wp-content\/uploads\/2022\/01\/logoREUPS-300x150.png\" alt=\"Red espa\u00f1ola de universidades promotoras de salud\" width=\"240\" height=\"120\" srcset=\"https:\/\/www3.ubu.es\/iicups\/wp-content\/uploads\/2022\/01\/logoREUPS-300x150.png 300w, https:\/\/www3.ubu.es\/iicups\/wp-content\/uploads\/2022\/01\/logoREUPS.png 528w\" sizes=\"(max-width: 240px) 100vw, 240px\" \/><\/p>\t\t\t\t\t\t\t\t<\/div>\n\t\t\t\t<\/div>\n\t\t\t\t<div class=\"elementor-element elementor-element-e52706e elementor-widget elementor-widget-text-editor\" data-id=\"e52706e\" data-element_type=\"widget\" data-e-type=\"widget\" data-widget_type=\"text-editor.default\">\n\t\t\t\t<div class=\"elementor-widget-container\">\n\t\t\t\t\t\t\t\t\t<h3>Entidades colaboradoras<\/h3><div><img decoding=\"async\" class=\"size-full wp-image-1072 alignleft\" src=\"https:\/\/www3.ubu.es\/iicups\/wp-content\/uploads\/2022\/09\/logo-fundacion.png\" alt=\"\" width=\"312\" height=\"90\" \/> <img loading=\"lazy\" decoding=\"async\" class=\"alignnone size-full wp-image-1071\" src=\"https:\/\/www3.ubu.es\/iicups\/wp-content\/uploads\/2022\/09\/fundacion_mapffre.jpg\" alt=\"\" width=\"271\" height=\"102\" \/><\/div>\t\t\t\t\t\t\t\t<\/div>\n\t\t\t\t<\/div>\n\t\t\t\t\t<\/div>\n\t\t<\/div>\n\t\t\t\t\t<\/div>\n\t\t<\/section>\n\t\t\t\t<\/div>\n\t\t","protected":false},"excerpt":{"rendered":"<p>II Congreso de Universidades Promotoras de la Salud Universidad de Burgos, Burgos (Espa\u00f1a), 2, 3 y 4 de noviembre de 2022 Para un mundo sostenible, comprom\u00e9tete con tu salud En su firme apuesta por la promoci\u00f3n de los h\u00e1bitos de vida saludables y del bienestar integral como objetivos compartidos por nuestra Comunidad Universitaria, la Universidad&#8230;<\/p>\n","protected":false},"author":1,"featured_media":0,"parent":0,"menu_order":0,"comment_status":"closed","ping_status":"closed","template":"","meta":{"_kad_post_transparent":"","_kad_post_title":"","_kad_post_layout":"","_kad_post_sidebar_id":"","_kad_post_content_style":"","_kad_post_vertical_padding":"","_kad_post_feature":"","_kad_post_feature_position":"","_kad_post_header":false,"_kad_post_footer":false,"_kad_post_classname":"","footnotes":""},"class_list":["post-23","page","type-page","status-publish","hentry"],"_links":{"self":[{"href":"https:\/\/www3.ubu.es\/iicups\/wp-json\/wp\/v2\/pages\/23","targetHints":{"allow":["GET"]}}],"collection":[{"href":"https:\/\/www3.ubu.es\/iicups\/wp-json\/wp\/v2\/pages"}],"about":[{"href":"https:\/\/www3.ubu.es\/iicups\/wp-json\/wp\/v2\/types\/page"}],"author":[{"embeddable":true,"href":"https:\/\/www3.ubu.es\/iicups\/wp-json\/wp\/v2\/users\/1"}],"replies":[{"embeddable":true,"href":"https:\/\/www3.ubu.es\/iicups\/wp-json\/wp\/v2\/comments?post=23"}],"version-history":[{"count":97,"href":"https:\/\/www3.ubu.es\/iicups\/wp-json\/wp\/v2\/pages\/23\/revisions"}],"predecessor-version":[{"id":1673,"href":"https:\/\/www3.ubu.es\/iicups\/wp-json\/wp\/v2\/pages\/23\/revisions\/1673"}],"wp:attachment":[{"href":"https:\/\/www3.ubu.es\/iicups\/wp-json\/wp\/v2\/media?parent=23"}],"curies":[{"name":"wp","href":"https:\/\/api.w.org\/{rel}","templated":true}]}}