{"id":1412,"date":"2022-11-11T12:59:51","date_gmt":"2022-11-11T11:59:51","guid":{"rendered":"https:\/\/www3.ubu.es\/iicups\/?page_id=1412"},"modified":"2022-12-01T08:18:27","modified_gmt":"2022-12-01T07:18:27","slug":"presentaciones","status":"publish","type":"page","link":"https:\/\/www3.ubu.es\/iicups\/presentaciones\/","title":{"rendered":"Presentaciones"},"content":{"rendered":"\t\t<div data-elementor-type=\"wp-page\" data-elementor-id=\"1412\" class=\"elementor elementor-1412\">\n\t\t\t\t\t\t<section class=\"elementor-section elementor-top-section elementor-element elementor-element-4e0f40e elementor-section-boxed elementor-section-height-default elementor-section-height-default\" data-id=\"4e0f40e\" data-element_type=\"section\" data-e-type=\"section\">\n\t\t\t\t\t\t<div class=\"elementor-container elementor-column-gap-default\">\n\t\t\t\t\t<div class=\"elementor-column elementor-col-100 elementor-top-column elementor-element elementor-element-55d726a\" data-id=\"55d726a\" data-element_type=\"column\" data-e-type=\"column\">\n\t\t\t<div class=\"elementor-widget-wrap elementor-element-populated\">\n\t\t\t\t\t\t<div class=\"elementor-element elementor-element-7796a76 elementor-widget elementor-widget-text-editor\" data-id=\"7796a76\" data-element_type=\"widget\" data-e-type=\"widget\" data-widget_type=\"text-editor.default\">\n\t\t\t\t<div class=\"elementor-widget-container\">\n\t\t\t\t\t\t\t\t\t<h2>Conferencias<\/h2><ul><li><a href=\"https:\/\/www3.ubu.es\/iicups\/wp-content\/uploads\/2022\/11\/2_noviembre_miercoles_Sesion-inaugural_Pilar-Aparicio_IICUPS_DGSP.pdf\"><span class=\"x_ContentPasted3\">Sesi\u00f3n inaugural &#8211;\u00a0El enfoque de promoci\u00f3n de la salud en el entorno universitario: clave para la sostenibilidad<\/span> (PDF 1,8 MB)<\/a><\/li><li><a href=\"https:\/\/www3.ubu.es\/iicups\/wp-content\/uploads\/2022\/11\/4_noviembre_viernes_Conferencia_Javier-Benayas.pdf\"><span class=\"x_ContentPasted4\">Conferencia &#8211;\u00a0Tendencias y Retos de la Universidad espa\u00f1ola hacia la ansiada Sostenibilidad<\/span> (PDF 6,1 MB)<\/a><\/li><\/ul><h2>Mesas tem\u00e1ticas<\/h2><ul><li><a href=\"https:\/\/www3.ubu.es\/iicups\/wp-content\/uploads\/2022\/11\/ACREDITACION-DE-UNIVERSIDADES-SALUDABLES.pdf\">Acreditaci\u00f3n de universidades saludables (PDF 3,26 MB)<\/a><\/li><li><a href=\"https:\/\/www3.ubu.es\/iicups\/wp-content\/uploads\/2022\/11\/CAMPUS-ESPACIOS-SIN-HUMO.pdf\">Campus espacios sin humo (PDF 3,56 MB)<\/a><\/li><\/ul><h2>Experiencias<\/h2><ul><li><a href=\"https:\/\/www3.ubu.es\/iicups\/wp-content\/uploads\/2022\/11\/2_noviembre_miercoles_Panel-de-experiencias-1.pdf\"><span class=\"x_ContentPasted0\">Panel de experiencias 1 &#8211; Participaci\u00f3n y alianzas para una universidad promotora de salud<\/span> (PDF 4,4 MB)<\/a><\/li><li><a href=\"https:\/\/www3.ubu.es\/iicups\/wp-content\/uploads\/2022\/11\/3_noviembre_jueves_Panel-de-experiencias-2.pdf\"><span class=\"x_ContentPasted0 x_ContentPasted1\">Panel de experiencias 2 &#8211; Promocionando la actividad f\u00edsica universitaria<\/span> (PDF 3,1 MB)<\/a><\/li><li><a href=\"https:\/\/www3.ubu.es\/iicups\/wp-content\/uploads\/2022\/11\/3_noviembre_jueves_Panel-de-experiencias-3_.pdf\"><span class=\"x_ContentPasted0 x_ContentPasted1 x_ContentPasted2\">Panel de experiencias 3 &#8211; El bienestar emocional en los campus: una necesidad imperiosa<\/span> (PDF 3,5 MB)<\/a><\/li><\/ul><h2>Comunicaciones orales<\/h2><ul><li><a href=\"https:\/\/www3.ubu.es\/iicups\/wp-content\/uploads\/2022\/11\/3_noviembre_jueves_Comunicaciones-Orales_Primera-Sesion.pdf\">Comunicaciones Orales. Primera Sesi\u00f3n (PDF 10,1 MB)<\/a><\/li><li><a href=\"https:\/\/www3.ubu.es\/iicups\/wp-content\/uploads\/2022\/11\/4_noviembre_viernes_Comunicaciones-Orales_Segunda-Sesion_Web.pdf\">Comunicaciones Orales Segunda Sesi\u00f3n (PDF 8 MB)<\/a><\/li><\/ul>\t\t\t\t\t\t\t\t<\/div>\n\t\t\t\t<\/div>\n\t\t\t\t\t<\/div>\n\t\t<\/div>\n\t\t\t\t\t<\/div>\n\t\t<\/section>\n\t\t\t\t<\/div>\n\t\t","protected":false},"excerpt":{"rendered":"<p>Conferencias Sesi\u00f3n inaugural &#8211;\u00a0El enfoque de promoci\u00f3n de la salud en el entorno universitario: clave para la sostenibilidad (PDF 1,8 MB) Conferencia &#8211;\u00a0Tendencias y Retos de la Universidad espa\u00f1ola hacia la ansiada Sostenibilidad (PDF 6,1 MB) Mesas tem\u00e1ticas Acreditaci\u00f3n de universidades saludables (PDF 3,26 MB) Campus espacios sin humo (PDF 3,56 MB) Experiencias Panel de&#8230;<\/p>\n","protected":false},"author":1,"featured_media":0,"parent":0,"menu_order":0,"comment_status":"closed","ping_status":"closed","template":"","meta":{"_kad_post_transparent":"default","_kad_post_title":"default","_kad_post_layout":"default","_kad_post_sidebar_id":"","_kad_post_content_style":"default","_kad_post_vertical_padding":"default","_kad_post_feature":"hide","_kad_post_feature_position":"","_kad_post_header":false,"_kad_post_footer":false,"_kad_post_classname":"","footnotes":""},"class_list":["post-1412","page","type-page","status-publish","hentry"],"_links":{"self":[{"href":"https:\/\/www3.ubu.es\/iicups\/wp-json\/wp\/v2\/pages\/1412","targetHints":{"allow":["GET"]}}],"collection":[{"href":"https:\/\/www3.ubu.es\/iicups\/wp-json\/wp\/v2\/pages"}],"about":[{"href":"https:\/\/www3.ubu.es\/iicups\/wp-json\/wp\/v2\/types\/page"}],"author":[{"embeddable":true,"href":"https:\/\/www3.ubu.es\/iicups\/wp-json\/wp\/v2\/users\/1"}],"replies":[{"embeddable":true,"href":"https:\/\/www3.ubu.es\/iicups\/wp-json\/wp\/v2\/comments?post=1412"}],"version-history":[{"count":53,"href":"https:\/\/www3.ubu.es\/iicups\/wp-json\/wp\/v2\/pages\/1412\/revisions"}],"predecessor-version":[{"id":1570,"href":"https:\/\/www3.ubu.es\/iicups\/wp-json\/wp\/v2\/pages\/1412\/revisions\/1570"}],"wp:attachment":[{"href":"https:\/\/www3.ubu.es\/iicups\/wp-json\/wp\/v2\/media?parent=1412"}],"curies":[{"name":"wp","href":"https:\/\/api.w.org\/{rel}","templated":true}]}}